{"id":1249,"date":"2013-09-20T11:40:45","date_gmt":"2013-09-20T09:40:45","guid":{"rendered":"http:\/\/www.radiocampusculturae.org\/?page_id=1249"},"modified":"2017-01-12T16:49:06","modified_gmt":"2017-01-12T15:49:06","slug":"culturadeseu","status":"publish","type":"page","link":"https:\/\/www.radiocampusculturae.org\/es\/culturadeseu\/","title":{"rendered":"Culturadeseu"},"content":{"rendered":"<p>Versi\u00f3n radiof\u00f3nica del blog Culturadeseu. El programa intenta poner en valor la cara menos visible de la creaci\u00f3n art\u00edstica gallega contempor\u00e1nea.<br \/>\n<iframe loading=\"lazy\" src=\"http:\/\/www.ivoox.com\/player_es_podcast_255801_1.html\" width=\"100%\" style=\"border: 1px solid #D7D7D7;\" height=\"440\" frameborder=\"0\" allowfullscreen=\"0\" scrolling=\"no\" ><\/iframe><\/p>\n","protected":false},"excerpt":{"rendered":"<p>Versi\u00f3n radiof\u00f3nica del blog Culturadeseu. El programa intenta poner en valor la cara menos visible&#8230;<\/p>\n","protected":false},"author":1,"featured_media":0,"parent":0,"menu_order":0,"comment_status":"closed","ping_status":"closed","template":"","meta":{"footnotes":""},"class_list":["post-1249","page","type-page","status-publish","hentry"],"translation":{"provider":"WPGlobus","version":"3.0.2","language":"es","enabled_languages":["gl","es"],"languages":{"gl":{"title":true,"content":true,"excerpt":false},"es":{"title":true,"content":true,"excerpt":false}}},"_links":{"self":[{"href":"https:\/\/www.radiocampusculturae.org\/es\/wp-json\/wp\/v2\/pages\/1249","targetHints":{"allow":["GET"]}}],"collection":[{"href":"https:\/\/www.radiocampusculturae.org\/es\/wp-json\/wp\/v2\/pages"}],"about":[{"href":"https:\/\/www.radiocampusculturae.org\/es\/wp-json\/wp\/v2\/types\/page"}],"author":[{"embeddable":true,"href":"https:\/\/www.radiocampusculturae.org\/es\/wp-json\/wp\/v2\/users\/1"}],"replies":[{"embeddable":true,"href":"https:\/\/www.radiocampusculturae.org\/es\/wp-json\/wp\/v2\/comments?post=1249"}],"version-history":[{"count":2,"href":"https:\/\/www.radiocampusculturae.org\/es\/wp-json\/wp\/v2\/pages\/1249\/revisions"}],"predecessor-version":[{"id":1251,"href":"https:\/\/www.radiocampusculturae.org\/es\/wp-json\/wp\/v2\/pages\/1249\/revisions\/1251"}],"wp:attachment":[{"href":"https:\/\/www.radiocampusculturae.org\/es\/wp-json\/wp\/v2\/media?parent=1249"}],"curies":[{"name":"wp","href":"https:\/\/api.w.org\/{rel}","templated":true}]}}

<p>Versión radiofónica del blog Culturadeseu. El programa intenta poner en valor la cara menos visible de la creación artística gallega contemporánea.<br />
<iframe loading="lazy" src="http://www.ivoox.com/player_es_podcast_255801_1.html" width="100%" style="border: 1px solid #D7D7D7;" height="440" frameborder="0" allowfullscreen="0" scrolling="no" ></iframe></p>

<p>Versión radiofónica del blog Culturadeseu. El programa intenta poner en valor la cara menos visible&#8230;</p>
