{"id":2472,"date":"2017-07-07T00:41:53","date_gmt":"2017-07-06T22:41:53","guid":{"rendered":"http:\/\/www.radiocampusculturae.org\/?page_id=2472"},"modified":"2019-01-23T02:33:16","modified_gmt":"2019-01-23T00:33:16","slug":"tren-de-medianoche","status":"publish","type":"page","link":"https:\/\/www.radiocampusculturae.org\/es\/tren-de-medianoche\/","title":{"rendered":"Tren De Medianoche"},"content":{"rendered":"<p style=\"text-align: justify;\"><a href=\"http:\/\/www.radiocampusculturae.org\/wp-content\/uploads\/2017\/07\/Tren-De-Medianoche.jpg\"><img loading=\"lazy\" decoding=\"async\" class=\"alignleft wp-image-2473 size-thumbnail\" src=\"http:\/\/www.radiocampusculturae.org\/wp-content\/uploads\/2017\/07\/Tren-De-Medianoche-150x150.jpg\" alt=\"Tren De Medianoche\" width=\"150\" height=\"150\" srcset=\"https:\/\/www.radiocampusculturae.org\/wp-content\/uploads\/2017\/07\/Tren-De-Medianoche-150x150.jpg 150w, https:\/\/www.radiocampusculturae.org\/wp-content\/uploads\/2017\/07\/Tren-De-Medianoche-300x300.jpg 300w, https:\/\/www.radiocampusculturae.org\/wp-content\/uploads\/2017\/07\/Tren-De-Medianoche-550x550.jpg 550w, https:\/\/www.radiocampusculturae.org\/wp-content\/uploads\/2017\/07\/Tren-De-Medianoche-400x400.jpg 400w, https:\/\/www.radiocampusculturae.org\/wp-content\/uploads\/2017\/07\/Tren-De-Medianoche.jpg 720w\" sizes=\"auto, (max-width: 150px) 100vw, 150px\" \/><\/a>Programa de entretenimiento con secciones de actualidad, m\u00fasica y artes en general. Cada secci\u00f3n es como el vag\u00f3n de un tren. Intentamos tratar los temas con criterio period\u00edstico buscando en el an\u00e1lisis y la variedad de opini\u00f3n.<br \/>\n<strong>Equipo:<\/strong> Marcelo Saffores<\/p>\n","protected":false},"excerpt":{"rendered":"<p>Programa de entretenimiento con secciones de actualidad, m\u00fasica y artes en general. Cada secci\u00f3n es&#8230;<\/p>\n","protected":false},"author":1,"featured_media":2473,"parent":0,"menu_order":0,"comment_status":"closed","ping_status":"closed","template":"","meta":{"footnotes":""},"class_list":["post-2472","page","type-page","status-publish","has-post-thumbnail","hentry"],"translation":{"provider":"WPGlobus","version":"3.0.2","language":"es","enabled_languages":["gl","es"],"languages":{"gl":{"title":true,"content":true,"excerpt":false},"es":{"title":true,"content":true,"excerpt":false}}},"_links":{"self":[{"href":"https:\/\/www.radiocampusculturae.org\/es\/wp-json\/wp\/v2\/pages\/2472","targetHints":{"allow":["GET"]}}],"collection":[{"href":"https:\/\/www.radiocampusculturae.org\/es\/wp-json\/wp\/v2\/pages"}],"about":[{"href":"https:\/\/www.radiocampusculturae.org\/es\/wp-json\/wp\/v2\/types\/page"}],"author":[{"embeddable":true,"href":"https:\/\/www.radiocampusculturae.org\/es\/wp-json\/wp\/v2\/users\/1"}],"replies":[{"embeddable":true,"href":"https:\/\/www.radiocampusculturae.org\/es\/wp-json\/wp\/v2\/comments?post=2472"}],"version-history":[{"count":4,"href":"https:\/\/www.radiocampusculturae.org\/es\/wp-json\/wp\/v2\/pages\/2472\/revisions"}],"predecessor-version":[{"id":4427,"href":"https:\/\/www.radiocampusculturae.org\/es\/wp-json\/wp\/v2\/pages\/2472\/revisions\/4427"}],"wp:featuredmedia":[{"embeddable":true,"href":"https:\/\/www.radiocampusculturae.org\/es\/wp-json\/wp\/v2\/media\/2473"}],"wp:attachment":[{"href":"https:\/\/www.radiocampusculturae.org\/es\/wp-json\/wp\/v2\/media?parent=2472"}],"curies":[{"name":"wp","href":"https:\/\/api.w.org\/{rel}","templated":true}]}}

<p style="text-align: justify;"><a href="http://www.radiocampusculturae.org/wp-content/uploads/2017/07/Tren-De-Medianoche.jpg"><img loading="lazy" decoding="async" class="alignleft wp-image-2473 size-thumbnail" src="http://www.radiocampusculturae.org/wp-content/uploads/2017/07/Tren-De-Medianoche-150x150.jpg" alt="Tren De Medianoche" width="150" height="150" srcset="https://www.radiocampusculturae.org/wp-content/uploads/2017/07/Tren-De-Medianoche-150x150.jpg 150w, https://www.radiocampusculturae.org/wp-content/uploads/2017/07/Tren-De-Medianoche-300x300.jpg 300w, https://www.radiocampusculturae.org/wp-content/uploads/2017/07/Tren-De-Medianoche-550x550.jpg 550w, https://www.radiocampusculturae.org/wp-content/uploads/2017/07/Tren-De-Medianoche-400x400.jpg 400w, https://www.radiocampusculturae.org/wp-content/uploads/2017/07/Tren-De-Medianoche.jpg 720w" sizes="auto, (max-width: 150px) 100vw, 150px" /></a>Programa de entretenimiento con secciones de actualidad, música y artes en general. Cada sección es como el vagón de un tren. Intentamos tratar los temas con criterio periodístico buscando en el análisis y la variedad de opinión.<br />
<strong>Equipo:</strong> Marcelo Saffores</p>

<p>Programa de entretenimiento con secciones de actualidad, música y artes en general. Cada sección es&#8230;</p>
