{"id":312,"date":"2013-03-19T12:08:29","date_gmt":"2013-03-19T11:08:29","guid":{"rendered":"http:\/\/www.radiocampusculturae.wesped.es\/?page_id=312"},"modified":"2017-01-12T16:49:06","modified_gmt":"2017-01-12T15:49:06","slug":"al-detalle","status":"publish","type":"page","link":"https:\/\/www.radiocampusculturae.org\/es\/al-detalle\/","title":{"rendered":"Al Detalle"},"content":{"rendered":"<p><a href=\"http:\/\/www.radiocampusculturae.wesped.es\/wp-content\/uploads\/2016\/01\/aldetalle.jpg\"><img loading=\"lazy\" decoding=\"async\" class=\"alignleft wp-image-313\" title=\"Logo Al Detalle\" src=\"http:\/\/www.radiocampusculturae.wesped.es\/wp-content\/uploads\/2016\/01\/aldetalle-300x271.jpg\" alt=\"Logo Al Detalle\" width=\"200\" height=\"181\" \/><\/a><br \/>\n<strong>Equipo: <\/strong>Jonathan Barral, Ana Garc\u00eda V\u00e1zquez y Sabela Gonz\u00e1lez Garc\u00eda<br \/>\n<strong>Sinopsis:<\/strong> Programa semanal marcado por la actualidad informativa en formato de reportajes monogr\u00e1ficos.<br \/>\n<strong>Lengua de emisi\u00f3n: <\/strong>castellano<\/p>\n<p><iframe loading=\"lazy\" style=\"border: 1px solid #D7D7D7;\" src=\"http:\/\/www.ivoox.com\/player_es_podcast_255768_1.html\" width=\"100%\" height=\"440\" frameborder=\"0\" scrolling=\"no\" allowfullscreen=\"allowfullscreen\"><\/iframe><\/p>\n","protected":false},"excerpt":{"rendered":"<p>Equipo: Jonathan Barral, Ana Garc\u00eda V\u00e1zquez y Sabela Gonz\u00e1lez Garc\u00eda Sinopsis: Programa semanal marcado por&#8230;<\/p>\n","protected":false},"author":1,"featured_media":0,"parent":0,"menu_order":0,"comment_status":"closed","ping_status":"closed","template":"","meta":{"footnotes":""},"class_list":["post-312","page","type-page","status-publish","hentry"],"translation":{"provider":"WPGlobus","version":"3.0.2","language":"es","enabled_languages":["gl","es"],"languages":{"gl":{"title":true,"content":true,"excerpt":false},"es":{"title":true,"content":true,"excerpt":false}}},"_links":{"self":[{"href":"https:\/\/www.radiocampusculturae.org\/es\/wp-json\/wp\/v2\/pages\/312","targetHints":{"allow":["GET"]}}],"collection":[{"href":"https:\/\/www.radiocampusculturae.org\/es\/wp-json\/wp\/v2\/pages"}],"about":[{"href":"https:\/\/www.radiocampusculturae.org\/es\/wp-json\/wp\/v2\/types\/page"}],"author":[{"embeddable":true,"href":"https:\/\/www.radiocampusculturae.org\/es\/wp-json\/wp\/v2\/users\/1"}],"replies":[{"embeddable":true,"href":"https:\/\/www.radiocampusculturae.org\/es\/wp-json\/wp\/v2\/comments?post=312"}],"version-history":[{"count":3,"href":"https:\/\/www.radiocampusculturae.org\/es\/wp-json\/wp\/v2\/pages\/312\/revisions"}],"predecessor-version":[{"id":315,"href":"https:\/\/www.radiocampusculturae.org\/es\/wp-json\/wp\/v2\/pages\/312\/revisions\/315"}],"wp:attachment":[{"href":"https:\/\/www.radiocampusculturae.org\/es\/wp-json\/wp\/v2\/media?parent=312"}],"curies":[{"name":"wp","href":"https:\/\/api.w.org\/{rel}","templated":true}]}}

<p><a href="http://www.radiocampusculturae.wesped.es/wp-content/uploads/2016/01/aldetalle.jpg"><img loading="lazy" decoding="async" class="alignleft wp-image-313" title="Logo Al Detalle" src="http://www.radiocampusculturae.wesped.es/wp-content/uploads/2016/01/aldetalle-300x271.jpg" alt="Logo Al Detalle" width="200" height="181" /></a><br />
<strong>Equipo: </strong>Jonathan Barral, Ana García Vázquez y Sabela González García<br />
<strong>Sinopsis:</strong> Programa semanal marcado por la actualidad informativa en formato de reportajes monográficos.<br />
<strong>Lengua de emisión: </strong>castellano</p>
<p><iframe loading="lazy" style="border: 1px solid #D7D7D7;" src="http://www.ivoox.com/player_es_podcast_255768_1.html" width="100%" height="440" frameborder="0" scrolling="no" allowfullscreen="allowfullscreen"></iframe></p>

<p>Equipo: Jonathan Barral, Ana García Vázquez y Sabela González García Sinopsis: Programa semanal marcado por&#8230;</p>
