{"id":377,"date":"2016-01-19T03:22:09","date_gmt":"2016-01-19T02:22:09","guid":{"rendered":"http:\/\/www.radiocampusculturae.wesped.es\/?page_id=377"},"modified":"2018-05-21T12:12:21","modified_gmt":"2018-05-21T10:12:21","slug":"faite-socioa","status":"publish","type":"page","link":"https:\/\/www.radiocampusculturae.org\/es\/faite-socioa\/","title":{"rendered":"Hazte socio\/a"},"content":{"rendered":"<p align=\"justify\">La Asociaci\u00f3n Universitaria Cultural Radio campUSCulturae pretende ser un punto de encuentro para estudiantes y ex-estudantes de la Universidad y tambi\u00e9n para todas las personas interesadas en mantener vivo este canal de comunicaci\u00f3n que, a su vez, sirve para afianzar las destrezas comunicativas de quien participa de forma activa en su programaci\u00f3n, especialmente el alumnado de \u00e1reas relacionadas con Periodismo y Comunicaci\u00f3n Audiovisual.<br \/>\nLa Asociaci\u00f3n, y el proyecto de la radio, es de car\u00e1cter no lucrativo, pero a\u00fan as\u00ed tiene unos gastos anuales que necesitan ser cubiertos para su funcionamento. Es por eso que, adquirir la condici\u00f3n de socio\/a, tiene un coste. En este caso tenemos dos opciones: Una cuota anual de 25 \u20ac y una semestral de 15 \u20ac.<br \/>\nLa condici\u00f3n de socio es imprescindible para tener derecho a la participaci\u00f3n en la creaci\u00f3n de contenidos para la radio; y a su vez da derecho a otras ventajas como el acceso a programas de formaci\u00f3n en el \u00e1mbito de la comunicaci\u00f3n radiof\u00f3nica.<br \/>\nPara hacerte socio\/a solo necesitas ponerte en contacto con nosotros a trav\u00e9s del siguiente formulario o visitando nuestros estudios en la Residencia Universitaria Burgo das Naci\u00f3ns,\u00a0en el Campus Norte de la USC (Avda. Burgo das Naci\u00f3ns S\/N, Santiago de Compostela).<br \/>\nTambi\u00e9n puedes descargar aqu\u00ed la <a href=\"http:\/\/www.radiocampusculturae.org\/wp-content\/uploads\/2016\/10\/RCC_-_SOLICITUD_DE_SOCIO-A1.pdf\" target=\"_blank\" rel=\"noopener noreferrer\">ficha de inscripci\u00f3n<\/a> que debes cubrir.<\/p>\n\n<div class=\"wpcf7 no-js\" id=\"wpcf7-f2614-o1\" lang=\"gl-ES\" dir=\"ltr\" data-wpcf7-id=\"2614\">\n<div class=\"screen-reader-response\"><p role=\"status\" aria-live=\"polite\" aria-atomic=\"true\"><\/p> <ul><\/ul><\/div>\n<form action=\"\/es\/wp-json\/wp\/v2\/pages\/377#wpcf7-f2614-o1\" method=\"post\" class=\"wpcf7-form init\" aria-label=\"Formulario de contacto\" novalidate=\"novalidate\" data-status=\"init\">\n<fieldset class=\"hidden-fields-container\"><input type=\"hidden\" name=\"_wpcf7\" value=\"2614\" \/><input type=\"hidden\" name=\"_wpcf7_version\" value=\"6.1.5\" \/><input type=\"hidden\" name=\"_wpcf7_locale\" value=\"gl_ES\" \/><input type=\"hidden\" name=\"_wpcf7_unit_tag\" value=\"wpcf7-f2614-o1\" \/><input type=\"hidden\" name=\"_wpcf7_container_post\" value=\"0\" \/><input type=\"hidden\" name=\"_wpcf7_posted_data_hash\" value=\"\" \/>\n<\/fieldset>\n<p><label> Nombre (requerido)<br \/>\n<span class=\"wpcf7-form-control-wrap\" data-name=\"your-name\"><input size=\"40\" maxlength=\"400\" class=\"wpcf7-form-control wpcf7-text wpcf7-validates-as-required\" aria-required=\"true\" aria-invalid=\"false\" value=\"\" type=\"text\" name=\"your-name\" \/><\/span> <\/label>\n<\/p>\n<p><label> Email (requerido)<br \/>\n<span class=\"wpcf7-form-control-wrap\" data-name=\"your-email\"><input size=\"40\" maxlength=\"400\" class=\"wpcf7-form-control wpcf7-email wpcf7-validates-as-required wpcf7-text wpcf7-validates-as-email\" aria-required=\"true\" aria-invalid=\"false\" value=\"\" type=\"email\" name=\"your-email\" \/><\/span> <\/label>\n<\/p>\n<p><label> Asunto (requerido)<br \/>\n<span class=\"wpcf7-form-control-wrap\" data-name=\"your-subject\"><input size=\"40\" maxlength=\"400\" class=\"wpcf7-form-control wpcf7-text wpcf7-validates-as-required\" aria-required=\"true\" aria-invalid=\"false\" value=\"\" type=\"text\" name=\"your-subject\" \/><\/span> <\/label>\n<\/p>\n<p><label> Mensaje (requerido)<br \/>\n<span class=\"wpcf7-form-control-wrap\" data-name=\"your-message\"><textarea cols=\"40\" rows=\"10\" maxlength=\"2000\" class=\"wpcf7-form-control wpcf7-textarea wpcf7-validates-as-required\" aria-required=\"true\" aria-invalid=\"false\" name=\"your-message\"><\/textarea><\/span> <\/label>\n<\/p>\n<p><input class=\"wpcf7-form-control wpcf7-submit has-spinner\" type=\"submit\" value=\"Enviar\" \/>\n<\/p><p style=\"display: none !important;\" class=\"akismet-fields-container\" data-prefix=\"_wpcf7_ak_\"><label>&#916;<textarea name=\"_wpcf7_ak_hp_textarea\" cols=\"45\" rows=\"8\" maxlength=\"100\"><\/textarea><\/label><input type=\"hidden\" id=\"ak_js_1\" name=\"_wpcf7_ak_js\" value=\"129\"\/><script type=\"text\/javascript\">\n\/* <![CDATA[ *\/\ndocument.getElementById( \"ak_js_1\" ).setAttribute( \"value\", ( new Date() ).getTime() );\n\/* ]]> *\/\n<\/script>\n<\/p><input type='hidden' class='wpcf7-pum' value='{\"closepopup\":false,\"closedelay\":0,\"openpopup\":false,\"openpopup_id\":0}' \/><div class=\"wpcf7-response-output\" aria-hidden=\"true\"><\/div>\n<\/form>\n<\/div>\n\n","protected":false},"excerpt":{"rendered":"<p>La Asociaci\u00f3n Universitaria Cultural Radio campUSCulturae pretende ser un punto de encuentro para estudiantes y&#8230;<\/p>\n","protected":false},"author":1,"featured_media":0,"parent":0,"menu_order":0,"comment_status":"closed","ping_status":"closed","template":"","meta":{"footnotes":""},"class_list":["post-377","page","type-page","status-publish","hentry"],"translation":{"provider":"WPGlobus","version":"3.0.2","language":"es","enabled_languages":["gl","es"],"languages":{"gl":{"title":true,"content":true,"excerpt":false},"es":{"title":true,"content":true,"excerpt":false}}},"_links":{"self":[{"href":"https:\/\/www.radiocampusculturae.org\/es\/wp-json\/wp\/v2\/pages\/377","targetHints":{"allow":["GET"]}}],"collection":[{"href":"https:\/\/www.radiocampusculturae.org\/es\/wp-json\/wp\/v2\/pages"}],"about":[{"href":"https:\/\/www.radiocampusculturae.org\/es\/wp-json\/wp\/v2\/types\/page"}],"author":[{"embeddable":true,"href":"https:\/\/www.radiocampusculturae.org\/es\/wp-json\/wp\/v2\/users\/1"}],"replies":[{"embeddable":true,"href":"https:\/\/www.radiocampusculturae.org\/es\/wp-json\/wp\/v2\/comments?post=377"}],"version-history":[{"count":16,"href":"https:\/\/www.radiocampusculturae.org\/es\/wp-json\/wp\/v2\/pages\/377\/revisions"}],"predecessor-version":[{"id":2613,"href":"https:\/\/www.radiocampusculturae.org\/es\/wp-json\/wp\/v2\/pages\/377\/revisions\/2613"}],"wp:attachment":[{"href":"https:\/\/www.radiocampusculturae.org\/es\/wp-json\/wp\/v2\/media?parent=377"}],"curies":[{"name":"wp","href":"https:\/\/api.w.org\/{rel}","templated":true}]}}

<p align="justify">La Asociación Universitaria Cultural Radio campUSCulturae pretende ser un punto de encuentro para estudiantes y ex-estudantes de la Universidad y también para todas las personas interesadas en mantener vivo este canal de comunicación que, a su vez, sirve para afianzar las destrezas comunicativas de quien participa de forma activa en su programación, especialmente el alumnado de áreas relacionadas con Periodismo y Comunicación Audiovisual.<br />
La Asociación, y el proyecto de la radio, es de carácter no lucrativo, pero aún así tiene unos gastos anuales que necesitan ser cubiertos para su funcionamento. Es por eso que, adquirir la condición de socio/a, tiene un coste. En este caso tenemos dos opciones: Una cuota anual de 25 € y una semestral de 15 €.<br />
La condición de socio es imprescindible para tener derecho a la participación en la creación de contenidos para la radio; y a su vez da derecho a otras ventajas como el acceso a programas de formación en el ámbito de la comunicación radiofónica.<br />
Para hacerte socio/a solo necesitas ponerte en contacto con nosotros a través del siguiente formulario o visitando nuestros estudios en la Residencia Universitaria Burgo das Nacións, en el Campus Norte de la USC (Avda. Burgo das Nacións S/N, Santiago de Compostela).<br />
También puedes descargar aquí la <a href="http://www.radiocampusculturae.org/wp-content/uploads/2016/10/RCC_-_SOLICITUD_DE_SOCIO-A1.pdf" target="_blank" rel="noopener noreferrer">ficha de inscripción</a> que debes cubrir.</p>

<div class="wpcf7 no-js" id="wpcf7-f2614-o1" lang="gl-ES" dir="ltr" data-wpcf7-id="2614">
<div class="screen-reader-response"><p role="status" aria-live="polite" aria-atomic="true"></p> <ul></ul></div>
<form action="/es/wp-json/wp/v2/pages/377#wpcf7-f2614-o1" method="post" class="wpcf7-form init" aria-label="Formulario de contacto" novalidate="novalidate" data-status="init">
<fieldset class="hidden-fields-container"><input type="hidden" name="_wpcf7" value="2614" /><input type="hidden" name="_wpcf7_version" value="6.1.5" /><input type="hidden" name="_wpcf7_locale" value="gl_ES" /><input type="hidden" name="_wpcf7_unit_tag" value="wpcf7-f2614-o1" /><input type="hidden" name="_wpcf7_container_post" value="0" /><input type="hidden" name="_wpcf7_posted_data_hash" value="" />
</fieldset>
<p><label> Nombre (requerido)<br />
<span class="wpcf7-form-control-wrap" data-name="your-name"><input size="40" maxlength="400" class="wpcf7-form-control wpcf7-text wpcf7-validates-as-required" aria-required="true" aria-invalid="false" value="" type="text" name="your-name" /></span> </label>
</p>
<p><label> Email (requerido)<br />
<span class="wpcf7-form-control-wrap" data-name="your-email"><input size="40" maxlength="400" class="wpcf7-form-control wpcf7-email wpcf7-validates-as-required wpcf7-text wpcf7-validates-as-email" aria-required="true" aria-invalid="false" value="" type="email" name="your-email" /></span> </label>
</p>
<p><label> Asunto (requerido)<br />
<span class="wpcf7-form-control-wrap" data-name="your-subject"><input size="40" maxlength="400" class="wpcf7-form-control wpcf7-text wpcf7-validates-as-required" aria-required="true" aria-invalid="false" value="" type="text" name="your-subject" /></span> </label>
</p>
<p><label> Mensaje (requerido)<br />
<span class="wpcf7-form-control-wrap" data-name="your-message"><textarea cols="40" rows="10" maxlength="2000" class="wpcf7-form-control wpcf7-textarea wpcf7-validates-as-required" aria-required="true" aria-invalid="false" name="your-message"></textarea></span> </label>
</p>
<p><input class="wpcf7-form-control wpcf7-submit has-spinner" type="submit" value="Enviar" />
</p><p style="display: none !important;" class="akismet-fields-container" data-prefix="_wpcf7_ak_"><label>&#916;<textarea name="_wpcf7_ak_hp_textarea" cols="45" rows="8" maxlength="100"></textarea></label><input type="hidden" id="ak_js_1" name="_wpcf7_ak_js" value="129"/><script type="text/javascript">
/* <![CDATA[ */
document.getElementById( "ak_js_1" ).setAttribute( "value", ( new Date() ).getTime() );
/* ]]> */
</script>
</p><input type='hidden' class='wpcf7-pum' value='{"closepopup":false,"closedelay":0,"openpopup":false,"openpopup_id":0}' /><div class="wpcf7-response-output" aria-hidden="true"></div>
</form>
</div>

<p>La Asociación Universitaria Cultural Radio campUSCulturae pretende ser un punto de encuentro para estudiantes y&#8230;</p>
