{"id":4859,"date":"2019-11-22T00:00:15","date_gmt":"2019-11-21T22:00:15","guid":{"rendered":"http:\/\/www.radiocampusculturae.org\/?page_id=4859"},"modified":"2019-12-01T00:33:47","modified_gmt":"2019-11-30T22:33:47","slug":"podo-falar","status":"publish","type":"page","link":"https:\/\/www.radiocampusculturae.org\/es\/podo-falar\/","title":{"rendered":"Podo Falar?!"},"content":{"rendered":"<p><a href=\"http:\/\/www.radiocampusculturae.org\/wp-content\/uploads\/2015\/11\/Logo-PodoFalar-provisional_600px.jpg\"><img loading=\"lazy\" decoding=\"async\" class=\"alignleft wp-image-4872 size-thumbnail\" src=\"http:\/\/www.radiocampusculturae.org\/wp-content\/uploads\/2015\/11\/Logo-PodoFalar-provisional_600px-150x150.jpg\" alt=\"Logo Podo Falar?!\" width=\"150\" height=\"150\" srcset=\"https:\/\/www.radiocampusculturae.org\/wp-content\/uploads\/2015\/11\/Logo-PodoFalar-provisional_600px-150x150.jpg 150w, https:\/\/www.radiocampusculturae.org\/wp-content\/uploads\/2015\/11\/Logo-PodoFalar-provisional_600px-300x300.jpg 300w, https:\/\/www.radiocampusculturae.org\/wp-content\/uploads\/2015\/11\/Logo-PodoFalar-provisional_600px-550x550.jpg 550w, https:\/\/www.radiocampusculturae.org\/wp-content\/uploads\/2015\/11\/Logo-PodoFalar-provisional_600px-400x400.jpg 400w, https:\/\/www.radiocampusculturae.org\/wp-content\/uploads\/2015\/11\/Logo-PodoFalar-provisional_600px.jpg 600w\" sizes=\"auto, (max-width: 150px) 100vw, 150px\" \/><\/a>Programa de entrevistas con artistas de diferentes \u00e1reas y disciplinas art\u00edsticas en el que se pretende conversar sobre sus procesos de creaci\u00f3n y motivaciones art\u00edsticas.<br \/>\n<strong>Equipo:<\/strong> Pablo Rodr\u00edguez<\/p>\n<p><iframe loading=\"lazy\" style=\"border: 1px solid #D7D7D7;\" src=\"https:\/\/www.ivoox.com\/player_es_podcast_813749_1.html\" width=\"100%\" height=\"440\" frameborder=\"0\" scrolling=\"no\" allowfullscreen=\"allowfullscreen\"><\/iframe><\/p>\n","protected":false},"excerpt":{"rendered":"<p>Programa de entrevistas con artistas de diferentes \u00e1reas y disciplinas art\u00edsticas en el que se&#8230;<\/p>\n","protected":false},"author":1,"featured_media":4875,"parent":0,"menu_order":0,"comment_status":"closed","ping_status":"closed","template":"","meta":{"footnotes":""},"class_list":["post-4859","page","type-page","status-publish","has-post-thumbnail","hentry"],"translation":{"provider":"WPGlobus","version":"3.0.2","language":"es","enabled_languages":["gl","es"],"languages":{"gl":{"title":true,"content":true,"excerpt":false},"es":{"title":true,"content":true,"excerpt":false}}},"_links":{"self":[{"href":"https:\/\/www.radiocampusculturae.org\/es\/wp-json\/wp\/v2\/pages\/4859","targetHints":{"allow":["GET"]}}],"collection":[{"href":"https:\/\/www.radiocampusculturae.org\/es\/wp-json\/wp\/v2\/pages"}],"about":[{"href":"https:\/\/www.radiocampusculturae.org\/es\/wp-json\/wp\/v2\/types\/page"}],"author":[{"embeddable":true,"href":"https:\/\/www.radiocampusculturae.org\/es\/wp-json\/wp\/v2\/users\/1"}],"replies":[{"embeddable":true,"href":"https:\/\/www.radiocampusculturae.org\/es\/wp-json\/wp\/v2\/comments?post=4859"}],"version-history":[{"count":5,"href":"https:\/\/www.radiocampusculturae.org\/es\/wp-json\/wp\/v2\/pages\/4859\/revisions"}],"predecessor-version":[{"id":4874,"href":"https:\/\/www.radiocampusculturae.org\/es\/wp-json\/wp\/v2\/pages\/4859\/revisions\/4874"}],"wp:featuredmedia":[{"embeddable":true,"href":"https:\/\/www.radiocampusculturae.org\/es\/wp-json\/wp\/v2\/media\/4875"}],"wp:attachment":[{"href":"https:\/\/www.radiocampusculturae.org\/es\/wp-json\/wp\/v2\/media?parent=4859"}],"curies":[{"name":"wp","href":"https:\/\/api.w.org\/{rel}","templated":true}]}}

<p><a href="http://www.radiocampusculturae.org/wp-content/uploads/2015/11/Logo-PodoFalar-provisional_600px.jpg"><img loading="lazy" decoding="async" class="alignleft wp-image-4872 size-thumbnail" src="http://www.radiocampusculturae.org/wp-content/uploads/2015/11/Logo-PodoFalar-provisional_600px-150x150.jpg" alt="Logo Podo Falar?!" width="150" height="150" srcset="https://www.radiocampusculturae.org/wp-content/uploads/2015/11/Logo-PodoFalar-provisional_600px-150x150.jpg 150w, https://www.radiocampusculturae.org/wp-content/uploads/2015/11/Logo-PodoFalar-provisional_600px-300x300.jpg 300w, https://www.radiocampusculturae.org/wp-content/uploads/2015/11/Logo-PodoFalar-provisional_600px-550x550.jpg 550w, https://www.radiocampusculturae.org/wp-content/uploads/2015/11/Logo-PodoFalar-provisional_600px-400x400.jpg 400w, https://www.radiocampusculturae.org/wp-content/uploads/2015/11/Logo-PodoFalar-provisional_600px.jpg 600w" sizes="auto, (max-width: 150px) 100vw, 150px" /></a>Programa de entrevistas con artistas de diferentes áreas y disciplinas artísticas en el que se pretende conversar sobre sus procesos de creación y motivaciones artísticas.<br />
<strong>Equipo:</strong> Pablo Rodríguez</p>
<p><iframe loading="lazy" style="border: 1px solid #D7D7D7;" src="https://www.ivoox.com/player_es_podcast_813749_1.html" width="100%" height="440" frameborder="0" scrolling="no" allowfullscreen="allowfullscreen"></iframe></p>

<p>Programa de entrevistas con artistas de diferentes áreas y disciplinas artísticas en el que se&#8230;</p>
