{"id":55,"date":"2015-11-10T12:37:23","date_gmt":"2015-11-10T11:37:23","guid":{"rendered":"http:\/\/www.radiocampusculturae.wesped.es\/?page_id=55"},"modified":"2017-01-12T16:50:43","modified_gmt":"2017-01-12T15:50:43","slug":"sobre-a-asociacion","status":"publish","type":"page","link":"https:\/\/www.radiocampusculturae.org\/es\/sobre-a-asociacion\/","title":{"rendered":"Sobre la Asociaci\u00f3n"},"content":{"rendered":"<p style=\"text-align: justify;\">La Asociaci\u00f3n Universitaria Cultural Radio campUSCulturae es una organizaci\u00f3n sin \u00e1nimo de lucro que fue creada en 2015 por el equipo coordinador de Radio campUSCulturae en aquel momento para darle continuidad a la iniciativa puesta en marcha en el marco del proyecto campUSCulturae el 13 de Febrero de 2014: la Radio campUSCulturae.<\/p>\n<p style=\"text-align: justify;\">Los miembros fundadores de la asociaci\u00f3n, y tambi\u00e9n de la primera Junta Directiva, fueron: J. Antonio Espa\u00f1a (Toni) como presidente, Jonathan Barral como vicepresidente, Germ\u00e1n P. Valcarce como secretario, Iria Pi\u00f1eiro como tesorera y Xos\u00e9 Antonio Neira como vocal.<\/p>\n<p style=\"text-align: justify;\">La actual Junta Directiva est\u00e1 formada por los siguientes miembros:<\/p>\n<ul>\n<li><strong>Presidente:<\/strong> Jonathan Barral Otero<\/li>\n<li><strong>Secretario:<\/strong> David Leiro Magdalena<\/li>\n<li><strong>Tesorera:<\/strong> Iria Pi\u00f1eiro Verde<\/li>\n<li><strong>Vocal:<\/strong> Jos\u00e9 Antonio Espa\u00f1a Faqu\u00e9<\/li>\n<li><strong>Vocal:<\/strong> Germ\u00e1n Pablo Valcarce Gonz\u00e1lez<\/li>\n<\/ul>\n<p style=\"text-align: justify;\">Los principales fines de la Asociaci\u00f3n son:<\/p>\n<ul>\n<li style=\"text-align: justify;\">Divulgar y dar a conecer la creaci\u00f3n de contenidos informativos, culturales, recreativos y divulgativos en formato radiof\u00f3nico y multimedia.<\/li>\n<li style=\"text-align: justify;\">Dar cabida a formas de expresi\u00f3n informativa y comunicativa en la que puedan participar aquellas personas o colectivos vinculados a la Asociaci\u00f3n.<\/li>\n<li style=\"text-align: justify;\">Promover la radio, en formato multimedia, como medio y canal para la democracia, la participaci\u00f3n, el pluralismo y el respeto y promoci\u00f3n de la diversidad.<\/li>\n<li style=\"text-align: justify;\">Investigar sobre nuevas formas y formatos en el \u00e1mbito de la creaci\u00f3n y de la comunicaci\u00f3n.<\/li>\n<li style=\"text-align: justify;\">Potenciar la comunicaci\u00f3n y la informaci\u00f3n relativa a la vida universitaria.<\/li>\n<\/ul>\n<p style=\"text-align: justify;\">Para llevar a cabo sus fines, la asociaci\u00f3n podr\u00e1 organizar las seguientes actividades:<\/p>\n<ul>\n<li style=\"text-align: justify;\">La producci\u00f3n, realizaci\u00f3n y difusi\u00f3n de contenidos radiof\u00f3nicos.<\/li>\n<li style=\"text-align: justify;\">La organizaci\u00f3n de actividades formativas, divulgativas y de promoci\u00f3n relacionadas con la radio y la Universidad.<\/li>\n<li style=\"text-align: justify;\">La realizaci\u00f3n, producci\u00f3n y difusi\u00f3n de material multimedia sobre los contenidos relacionados con los fines de la Asociaci\u00f3n.<\/li>\n<li style=\"text-align: justify;\">El mantenimiento de una programaci\u00f3n radiof\u00f3nica y multimedia con vocaci\u00f3n de continuidad y sin \u00e1nimo de lucro.<\/li>\n<\/ul>\n<p>Tambi\u00e9n puedes ver <a href=\"http:\/\/www.radiocampusculturae.org\/es\/estatutos-de-radio-campusculturae\/\" target=\"_blank\">aqu\u00ed<\/a> los estatutos de la asociaci\u00f3n.<\/p>\n","protected":false},"excerpt":{"rendered":"<p>La Asociaci\u00f3n Universitaria Cultural Radio campUSCulturae es una organizaci\u00f3n sin \u00e1nimo de lucro que fue&#8230;<\/p>\n","protected":false},"author":1,"featured_media":0,"parent":0,"menu_order":0,"comment_status":"closed","ping_status":"closed","template":"","meta":{"footnotes":""},"class_list":["post-55","page","type-page","status-publish","hentry"],"translation":{"provider":"WPGlobus","version":"3.0.2","language":"es","enabled_languages":["gl","es"],"languages":{"gl":{"title":true,"content":true,"excerpt":false},"es":{"title":true,"content":true,"excerpt":false}}},"_links":{"self":[{"href":"https:\/\/www.radiocampusculturae.org\/es\/wp-json\/wp\/v2\/pages\/55","targetHints":{"allow":["GET"]}}],"collection":[{"href":"https:\/\/www.radiocampusculturae.org\/es\/wp-json\/wp\/v2\/pages"}],"about":[{"href":"https:\/\/www.radiocampusculturae.org\/es\/wp-json\/wp\/v2\/types\/page"}],"author":[{"embeddable":true,"href":"https:\/\/www.radiocampusculturae.org\/es\/wp-json\/wp\/v2\/users\/1"}],"replies":[{"embeddable":true,"href":"https:\/\/www.radiocampusculturae.org\/es\/wp-json\/wp\/v2\/comments?post=55"}],"version-history":[{"count":13,"href":"https:\/\/www.radiocampusculturae.org\/es\/wp-json\/wp\/v2\/pages\/55\/revisions"}],"predecessor-version":[{"id":1334,"href":"https:\/\/www.radiocampusculturae.org\/es\/wp-json\/wp\/v2\/pages\/55\/revisions\/1334"}],"wp:attachment":[{"href":"https:\/\/www.radiocampusculturae.org\/es\/wp-json\/wp\/v2\/media?parent=55"}],"curies":[{"name":"wp","href":"https:\/\/api.w.org\/{rel}","templated":true}]}}

Sobre la Asociación

<p style="text-align: justify;">La Asociación Universitaria Cultural Radio campUSCulturae es una organización sin ánimo de lucro que fue creada en 2015 por el equipo coordinador de Radio campUSCulturae en aquel momento para darle continuidad a la iniciativa puesta en marcha en el marco del proyecto campUSCulturae el 13 de Febrero de 2014: la Radio campUSCulturae.</p>
<p style="text-align: justify;">Los miembros fundadores de la asociación, y también de la primera Junta Directiva, fueron: J. Antonio España (Toni) como presidente, Jonathan Barral como vicepresidente, Germán P. Valcarce como secretario, Iria Piñeiro como tesorera y Xosé Antonio Neira como vocal.</p>
<p style="text-align: justify;">La actual Junta Directiva está formada por los siguientes miembros:</p>
<ul>
<li><strong>Presidente:</strong> Jonathan Barral Otero</li>
<li><strong>Secretario:</strong> David Leiro Magdalena</li>
<li><strong>Tesorera:</strong> Iria Piñeiro Verde</li>
<li><strong>Vocal:</strong> José Antonio España Faqué</li>
<li><strong>Vocal:</strong> Germán Pablo Valcarce González</li>
</ul>
<p style="text-align: justify;">Los principales fines de la Asociación son:</p>
<ul>
<li style="text-align: justify;">Divulgar y dar a conecer la creación de contenidos informativos, culturales, recreativos y divulgativos en formato radiofónico y multimedia.</li>
<li style="text-align: justify;">Dar cabida a formas de expresión informativa y comunicativa en la que puedan participar aquellas personas o colectivos vinculados a la Asociación.</li>
<li style="text-align: justify;">Promover la radio, en formato multimedia, como medio y canal para la democracia, la participación, el pluralismo y el respeto y promoción de la diversidad.</li>
<li style="text-align: justify;">Investigar sobre nuevas formas y formatos en el ámbito de la creación y de la comunicación.</li>
<li style="text-align: justify;">Potenciar la comunicación y la información relativa a la vida universitaria.</li>
</ul>
<p style="text-align: justify;">Para llevar a cabo sus fines, la asociación podrá organizar las seguientes actividades:</p>
<ul>
<li style="text-align: justify;">La producción, realización y difusión de contenidos radiofónicos.</li>
<li style="text-align: justify;">La organización de actividades formativas, divulgativas y de promoción relacionadas con la radio y la Universidad.</li>
<li style="text-align: justify;">La realización, producción y difusión de material multimedia sobre los contenidos relacionados con los fines de la Asociación.</li>
<li style="text-align: justify;">El mantenimiento de una programación radiofónica y multimedia con vocación de continuidad y sin ánimo de lucro.</li>
</ul>
<p>También puedes ver <a href="http://www.radiocampusculturae.org/es/estatutos-de-radio-campusculturae/" target="_blank">aquí</a> los estatutos de la asociación.</p>

<p>La Asociación Universitaria Cultural Radio campUSCulturae es una organización sin ánimo de lucro que fue&#8230;</p>
